se 3) to base 12.
1572
Convert 302 (base 8) to base 4.
3002
731 (base 16) to base 3
2112012
Convert 110001010 (base 2) to base 15.
1b4
What is 36d (base 15) in base 8?
1412
What is -ac33 (base 15) in base 4?
-20322102
Convert -75a (base 15) to base 13.
-9a9
Convert -17835 (base 9) to base 15.
-39ce
Convert 50c (base 15) to base 10.
1137
What is -1412 (base 6) in base 13?
-224
2a5 (base 13) to base 14
25b
10b (base 12) to base 10
155
11381 (base 11) to base 14
5db2
-31004 (base 5) to base 10
-2004
-804 (base 12) to base 10
-1156
What is -1d18 (base 14) in base 11?
-3aa1
210 (base 4) to base 13
2a
-1985 (base 10) to base 6
-13105
What is -1011110011011100 (base 2) in base 12?
-23b90
Convert 1302423 (base 6) to base 15.
15da0
What is -1177 (base 8) in base 2?
-1001111111
What is -61a7 (base 14) in base 2?
-100000110100111
What is -1707 (base 10) in base 6?
-11523
What is -5025 (base 8) in base 11?
-1a37
Convert -2010100 (base 3) to base 7.
-4341
Convert -100011 (base 3) to base 4.
-3313
Convert 1566 (base 9) to base 6.
5310
What is -31100 (base 5) in base 7?
-5622
What is 6405 (base 7) in base 8?
4323
What is 11333322 (base 4) in base 2?
101111111111010
What is -72 (base 16) in base 15?
-79
What is 382c (base 15) in base 6?
131223
458a (base 11) to base 10
6027
Convert 43406 (base 7) to base 14.
3d3d
Convert -55 (base 7) to base 12.
-34
-213 (base 16) to base 9
-650
-3747 (base 8) to base 7
-5620
Convert -1000100001101 (base 2) to base 11.
-3309
What is 296b (base 15) in base 10?
8876
Convert -6b8 (base 16) to base 13.
-a24
Convert -1992 (base 13) to base 5.
-110322
Convert -13583 (base 9) to base 3.
-110122210
-242 (base 11) to base 2
-100100000
What is -21e8 (base 16) in base 10?
-8680
Convert 17651 (base 14) to base 2.
1110010111110111
Convert -4001 (base 9) to base 14.
-10c5
Convert -b64 (base 16) to base 11.
-2211
What is 119b (base 12) in base 3?
2201202
What is 420 (base 14) in base 15?
392
What is 456 (base 8) in base 16?
12e
What is 257b (base 12) in base 6?
31435
What is 10717 (base 9) in base 6?
53024
Convert -21123 (base 8) to base 10.
-8787
-804 (base 9) to base 16
-28c
2413 (base 11) to base 4
301120
-3023 (base 4) to base 9
-245
3515 (base 6) to base 4
31013
31213 (base 5) to base 3
2211020
Convert -1085 (base 9) to base 4.
-30212
Convert -197 (base 13) to base 16.
-125
Convert 220122112 (base 3) to base 8.
43061
Convert -232 (base 5) to base 15.
-47
Convert -42213 (base 7) to base 15.
-3133
-1801 (base 9) to base 11
-1043
-33161 (base 8) to base 4
-3121301
-a028 (base 14) to base 6
-331112
1000111010001 (base 2) to base 13
20cb
Convert -3056 (base 8) to base 4.
-120232
What is 52131 (base 7) in base 12?
7476
Convert 14334 (base 5) to base 4.
103003
What is 4510 (base 8) in base 13?
110a
What is -535 (base 7) in base 10?
-271
-3556 (base 7) to base 10
-1315
What is 180 (base 16) in base 3?
112020
Convert 3356 (base 7) to base 9.
1602
Convert -21321 (base 4) to base 14.
-333
-121210 (base 3) to base 8
-705
What is 1901 (base 10) in base 8?
3555
-120332 (base 4) to base 5
-22343
-1213152 (base 6) to base 14
-19592
What is 1122331 (base 4) in base 6?
42541
-4ad (base 16) to base 4
-102231
7869 (base 12) to base 6
141413
Convert 1727b (base 13) to base 16.
ad5c
What is -561 (base 9) in base 8?
-714
What is -25c (base 16) in base 9?
-741
11128 (base 9) to base 16
1ce5
What is -6845 (base 12) in base 15?
-3668
10001010111101 (base 2) to base 13
4081
Convert 252054 (base 6) to base 10.
22498
42 (base 9) to base 3
1102
-1bac (base 15) to base 8
-13574
Convert -1001023 (base 4) to base 9.
-5644
Convert -2293 (base 12) to base 5.
-110410
What is 352a (base 12) in base 14?
2242
-6956 (base 10) to base 5
-210311
Convert -2878 (base 9) to base 16.
-881
Convert -1216 (base 14) to base 8.
-6124
11d (base 15) to base 12
191
Convert 8444 (base 12) to base 4.
3201310
-96d (base 16) to base 15
-aad
Convert 5253 (base 9) to base 6.
25503
What is 100000010100111 (base 2) in base 3?
211201000
What is 2224 (base 6) in base 8?
1010
369 (base 11) to base 5
3223
What is -101010111 (base 2) in base 14?
-1a7
Convert -320 (base 15) to base 9.
-863
Convert -33435 (base 6) to base 8.
-11137
What is 1034 (base 9) in base 13?
466
110223 (base 4) to base 7
3600
What is 122233 (base 5) in base 3?
20102211
Convert -6605 (base 8) to base 12.
-2005
-6930 (base 16) to base 10
-26928
What is -25060 (base 9) in base 11?
-11702
136 (base 14) to base 12
184
What is -1552 (base 11) in base 16?
-7c9
What is -10567 (base 10) in base 5?
-314232
-b3b (base 14) to base 8
-4241
What is 235 (base 15) in base 4?
13310
What is -982 (base 10) in base 2?
-1111010110
Convert 1a46 (base 11) to base 16.
a1f
What is -324 (base 15) in base 6?
-3141
What is -3142420 (base 5) in base 3?
-2200111210
-1215 (base 7) to base 16
-1c5
Convert -4442 (base 5) to base 12.
-43a
Convert ff4 (base 16) to base 3.
12121021
What is 121 (base 13) in base 6?
524
1c89 (base 13) to base 7
15435
61265 (base 10) to base 16
ef51
Convert 4 (base 11) to base 5.
4
3f31 (base 16) to base 3
211012011
What is -3212 (base 4) in base 7?
-446
What is -cb (base 15) in base 16?
-bf
13343 (base 7) to base 8
7030
What is -8343 (base 10) in base 7?
-33216
1772 (base 10) to base 6
12112
Convert 421321 (base 5) to base 12.
80b5
Convert -9b3 (base 16) to base 12.
-152b
130 (base 6) to base 13
42
What is 649 (base 14) in base 5?
14431
What is 38 (base 13) in base 11?
43
What is -32031200 (base 4) in base 15?
-123a8
What is -110120201 (base 3) in base 11?
-6989
What is 2134 (base 9) in base 14?
802
Convert 112406 (base 7) to base 6.
233012
-6d2e (base 16) to base 9
-42305
Convert -204232 (base 5) to base 13.
-3145
Convert -1381 (base 16) to base 9.
-6757
-211 (base 5) to base 11
-51
11000100000 (base 2) to base 9
2132
-7151 (base 9) to base 2
-1010001101110
What is 37 (base 14) in base 7?
100
-5145 (base 13) to base 10
-11211
Convert -890 (base 14) to base 4.
-122132
What is -201103 (base 5) in base 9?
-8704
What is 6d07 (base 15) in base 7?
124405
What is 5113 (base 8) in base 9?
3547
What is -100131 (base 4) in base 13?
-630
Convert 223 (base 10) to base 12.
167
What is 6220 (base 9) in base 12?
2776
63005 (base 7) to base 15
4895
-4217 (base 8) to base 15
-9b1
What is 1260 (base 12) in base 16?
828
3716 (base 8) to base 15
8d3
What is 7d5 (base 15) in base 11?
1374
Convert 68 (base 14) to base 16.
5c
-32330 (base 4) to base 15
-43b
Convert -14305 (base 7) to base 4.
-331111
Convert -12a (base 14) to base 12.
-176
Convert 21426 (base 8) to base 4.
2030112
124313 (base 5) to base 4
1031132
What is -110110001101 (base 2) in base 6?
-24021
44 (base 14) to base 11
55
441 (base 12) to base 2
1001110001
What is -bc32 (base 15) in base 7?
-224150
Convert -34075 (base 11) to base 6.
-1020213
-1402 (base 5) to base 9
-272
Convert -5175 (base 9) to base 6.
-25322
1212122 (base 4) to base 6
50202
-15708 (base 9) to base 6
-121525
What is 1111010111011110 (base 2) in base 10?
62942
Convert -2a71 (base 12) to base 10.
-4981
Convert 5820 (base 9) to base 4.
1003113
What is 10000110100111101 (base 2) in base 8?
206475
11212 (base 4) to base 13
217
Convert 3ea (base 15) to base 3.
1020011
193 (base 15) to base 3
111110
What is 112021 (base 3) in base 4?
12001
Convert 1c47 (base 13) to base 11.
3245
Convert -10001111011 (base 2) to base 11.
-953
17a8 (base 13) to base 2
110110111110
Convert 1012102 (base 3) to base 11.
726
What is 410213 (base 5) in base 13?
6001
Convert 2012121 (base 3) to base 9.
2177
Convert 7ba2 (base 15) to base 3.
1100000022
-918a (base 14) to base 2
-110000110110110
Convert -1204 (base 5) to base 2.
-10110011
-10101000010 (base 2) to base 3
-1211212
4748 (base 10) to base 9
6455
What is 211 (base 3) in base 11?
20
What is 441 (base 5) in base 2?
1111001
What is -7d4 (base 16) in base 10?
-2004
7bba (base 15) to base 12
13257
220110 (base 4) to base 10
2580
Convert 1000111110 (base 2) to base 3.
210021
240c (base 14) to base 5
200114
What is 1868 (base 14) in base 10?
4404
What is -4525 (base 7) in base 12?
-b44
-3264 (base 12) to base 2
-1010110101100
What is -9090 (base 15) in base 6?
-353130
What is -1de (base 16) in base 11?
-3a5
Convert 6840 (base 9) to base 7.
20514
Convert 22514 (base 6) to base 8.
6216
-1000021 